{"id":96,"date":"2017-07-02T19:18:11","date_gmt":"2017-07-02T19:18:11","guid":{"rendered":"http:\/\/lauradesign.cz\/?page_id=96"},"modified":"2017-07-31T08:39:07","modified_gmt":"2017-07-31T08:39:07","slug":"vykresy","status":"publish","type":"page","link":"https:\/\/lauradesign.cz\/?page_id=96","title":{"rendered":"V\u00fdkresy \u0161kolka"},"content":{"rendered":"<h4 style=\"text-align: center;\">Obr\u00e1zky kter\u00e9 jsem vytvo\u0159ila v\u00a0p\u0159ed\u0161koln\u00edm v\u011bku<\/h4>\n\n","protected":false},"excerpt":{"rendered":"<p>Obr\u00e1zky kter\u00e9 jsem vytvo\u0159ila v\u00a0p\u0159ed\u0161koln\u00edm v\u011bku<\/p>\n","protected":false},"author":2,"featured_media":0,"parent":213,"menu_order":0,"comment_status":"closed","ping_status":"closed","template":"","meta":{"footnotes":""},"class_list":["post-96","page","type-page","status-publish","hentry","entry"],"_links":{"self":[{"href":"https:\/\/lauradesign.cz\/index.php?rest_route=\/wp\/v2\/pages\/96","targetHints":{"allow":["GET"]}}],"collection":[{"href":"https:\/\/lauradesign.cz\/index.php?rest_route=\/wp\/v2\/pages"}],"about":[{"href":"https:\/\/lauradesign.cz\/index.php?rest_route=\/wp\/v2\/types\/page"}],"author":[{"embeddable":true,"href":"https:\/\/lauradesign.cz\/index.php?rest_route=\/wp\/v2\/users\/2"}],"replies":[{"embeddable":true,"href":"https:\/\/lauradesign.cz\/index.php?rest_route=%2Fwp%2Fv2%2Fcomments&post=96"}],"version-history":[{"count":10,"href":"https:\/\/lauradesign.cz\/index.php?rest_route=\/wp\/v2\/pages\/96\/revisions"}],"predecessor-version":[{"id":334,"href":"https:\/\/lauradesign.cz\/index.php?rest_route=\/wp\/v2\/pages\/96\/revisions\/334"}],"up":[{"embeddable":true,"href":"https:\/\/lauradesign.cz\/index.php?rest_route=\/wp\/v2\/pages\/213"}],"wp:attachment":[{"href":"https:\/\/lauradesign.cz\/index.php?rest_route=%2Fwp%2Fv2%2Fmedia&parent=96"}],"curies":[{"name":"wp","href":"https:\/\/api.w.org\/{rel}","templated":true}]}}